39?
39
What is the greatest common divisor of 1638 and 630?
126
Calculate the highest common factor of 287 and 28.
7
What is the greatest common divisor of 837 and 27?
27
What is the highest common factor of 5 and 835?
5
Calculate the greatest common factor of 327 and 18748.
109
What is the greatest common factor of 2619 and 27?
27
What is the highest common divisor of 76 and 38?
38
Calculate the greatest common divisor of 6 and 179.
1
Calculate the greatest common divisor of 8 and 5096.
8
Calculate the greatest common divisor of 28 and 826.
14
What is the highest common factor of 90 and 160?
10
What is the greatest common divisor of 95 and 5?
5
What is the greatest common divisor of 308 and 84?
28
What is the highest common factor of 128 and 416?
32
What is the highest common divisor of 10 and 305?
5
What is the greatest common divisor of 7868 and 28?
28
What is the greatest common factor of 66 and 9801?
33
Calculate the greatest common factor of 42 and 40278.
42
What is the greatest common factor of 126 and 7?
7
What is the greatest common divisor of 416 and 455?
13
Calculate the greatest common divisor of 21 and 1316.
7
Calculate the highest common factor of 85 and 1955.
85
Calculate the highest common factor of 1640 and 80.
40
What is the highest common factor of 110 and 430?
10
What is the highest common factor of 40 and 1384?
8
Calculate the greatest common divisor of 5704 and 1656.
184
What is the highest common factor of 1320 and 66?
66
Calculate the highest common factor of 152 and 10412.
76
What is the highest common factor of 150 and 50?
50
What is the highest common divisor of 238 and 272?
34
Calculate the greatest common divisor of 35478 and 18.
18
What is the highest common divisor of 483 and 207?
69
What is the greatest common factor of 164 and 4?
4
What is the highest common factor of 44088 and 11?
11
Calculate the greatest common divisor of 234 and 34086.
78
What is the greatest common factor of 11528 and 264?
88
What is the highest common factor of 14 and 26?
2
What is the highest common factor of 10 and 85?
5
What is the highest common factor of 16 and 7744?
16
What is the greatest common divisor of 2979 and 36?
9
Calculate the greatest common factor of 12 and 444.
12
Calculate the highest common divisor of 406 and 232.
58
What is the greatest common divisor of 36828 and 62?
62
What is the greatest common factor of 368 and 36?
4
What is the greatest common factor of 161 and 253?
23
Calculate the highest common divisor of 39 and 594.
3
Calculate the greatest common divisor of 30 and 48.
6
Calculate the highest common factor of 2746 and 4.
2
What is the greatest common divisor of 189 and 14?
7
What is the greatest common divisor of 4773 and 1419?
129
What is the highest common factor of 11 and 275?
11
What is the greatest common factor of 203 and 29?
29
What is the highest common factor of 33003 and 171?
171
Calculate the highest common factor of 51209 and 41.
41
Calculate the greatest common divisor of 936 and 492.
12
Calculate the greatest common divisor of 54 and 216.
54
Calculate the greatest common factor of 2607 and 3081.
237
Calculate the highest common factor of 63 and 576.
9
Calculate the greatest common factor of 6 and 48.
6
What is the highest common divisor of 24 and 8?
8
Calculate the highest common factor of 26 and 3874.
26
What is the highest common divisor of 1188 and 2178?
198
What is the highest common factor of 129 and 21?
3
Calculate the greatest common factor of 61740 and 420.
420
Calculate the greatest common divisor of 97 and 37151.
97
Calculate the greatest common divisor of 160 and 780.
20
What is the greatest common factor of 19 and 2603?
19
Calculate the highest common divisor of 49 and 53.
1
Calculate the greatest common divisor of 697 and 17.
17
What is the highest common divisor of 3200 and 896?
128
What is the greatest common divisor of 30 and 1545?
15
Calculate the greatest common divisor of 39 and 13.
13
What is the greatest common factor of 2369 and 207?
23
What is the greatest common factor of 12592 and 80?
16
What is the greatest common divisor of 129 and 72?
3
Calculate the greatest common factor of 181 and 5792.
181
What is the greatest common factor of 26 and 598?
26
What is the greatest common divisor of 37 and 14689?
37
Calculate the highest common divisor of 944 and 336.
16
Calculate the greatest common factor of 74 and 1702.
74
What is the greatest common factor of 21 and 4746?
21
Calculate the highest common factor of 78 and 186.
6
What is the highest common divisor of 203 and 153671?
203
What is the highest common factor of 18 and 24?
6
Calculate the highest common divisor of 153 and 927.
9
What is the highest common divisor of 310 and 7?
1
Calculate the greatest common factor of 136 and 1836.
68
Calculate the highest common factor of 48 and 3888.
48
Calculate the greatest common divisor of 1638 and 252.
126
What is the highest common divisor of 63 and 896?
7
What is the highest common divisor of 130 and 121420?
130
Calculate the highest common factor of 22 and 45419.
11
Calculate the highest common divisor of 60 and 90.
30
Calculate the highest common divisor of 2015 and 325.
65
What is the highest common factor of 258 and 106812?
258
Calculate the greatest common divisor of 702 and 666.
18
Calculate the highest common factor of 83 and 83.
83
What is the highest common factor of 14 and 686?
14
Calculate the highest common divisor of 6072 and 92.
92
What is the greatest common factor of 70 and 4438?
14
Calculate the highest common factor of 67 and 2.
1
What is the highest common divisor of 680 and 40?
40
Calculate the highest common divisor of 1443 and 78.
39
What is the highest common divisor of 1450 and 1250?
50
What is the highest common divisor of 24 and 18?
6
Calculate the greatest common divisor of 248 and 40.
8
Calculate the greatest common divisor of 43 and 10793.
43
What is the greatest common divisor of 551 and 29?
29
Calculate the highest common divisor of 20 and 20.
20
Calculate the highest common factor of 9 and 804.
3
Calculate the greatest common factor of 7128 and 810.
162
Calculate the greatest common divisor of 492 and 18.
6
Calculate the highest common divisor of 1488 and 48.
48
What is the greatest common divisor of 25 and 600?
25
What is the highest common factor of 144 and 16?
16
Calculate the highest common divisor of 2 and 11.
1
What is the highest common divisor of 25 and 33025?
25
Calculate the highest common factor of 9 and 1422.
9
What is the highest common factor of 436 and 654?
218
Calculate the greatest common factor of 342 and 126.
18
What is the highest common divisor of 119 and 21?
7
What is the highest common factor of 30 and 1800?
30
What is the greatest common factor of 37 and 148?
37
What is the highest common factor of 2 and 82?
2
Calculate the greatest common divisor of 19 and 304.
19
What is the greatest common factor of 24 and 1368?
24
What is the greatest common divisor of 144 and 1944?
72
Calculate the greatest common divisor of 5 and 5.
5
What is the greatest common factor of 132 and 1284?
12
Calculate the greatest common divisor of 7 and 91.
7
What is the greatest common factor of 32312 and 56?
56
Calculate the greatest common factor of 49951 and 209.
209
What is the greatest common factor of 7 and 133?
7
Calculate the greatest common factor of 396 and 11.
11
Calculate the highest common factor of 72 and 5634.
18
What is the highest common divisor of 7 and 9?
1
Calculate the greatest common divisor of 1261 and 637.
13
Calculate the greatest common divisor of 2184 and 429.
39
What is the greatest common divisor of 15246 and 9?
9
What is the highest common divisor of 4800 and 20?
20
What is the greatest common factor of 366 and 30?
6
What is the highest common factor of 493 and 680?
17
What is the greatest common factor of 212 and 583?
53
What is the greatest common factor of 374 and 55?
11
What is the highest common factor of 162 and 35073?
81
Calculate the highest common divisor of 775 and 25.
25
What is the greatest common factor of 360 and 7065?
45
What is the highest common factor of 106 and 371?
53
What is the highest common divisor of 3427 and 23?
23
Calculate the highest common factor of 187 and 88.
11
Calculate the highest co